
Let f = 3 + -1. Let z(r) = r**2 - 6*r - 6. Calculate the remainder when f is divided by z(7).
0
Let l(r) = -r**3 - 8*r**2 - 9*r - 10. Let x be l(-7). Let s = x - -6. What is the remainder when 18 is divided by s?
8
Suppose -2*j = -59 - 93. Calculate the remainder when j is divided by (-39)/(-9)*1*6.
24
Let r = 316 + -226. Calculate the remainder when ((-1)/(-3))/(3/r) is divided by 4.
2
Let j = -54 + 114. What is the remainder when j is divided by 9?
6
Let n = -78 + 85. Calculate the remainder when 25 is divided by n.
4
Calculate the remainder when (3 - 524/(-20)) + 2/(-10) is divided by 5*2 + -5 + 3.
5
Let f(a) = -a**3 + 7*a**2 + 10*a + 5. Calculate the remainder when 62 is divided by f(8).
20
Suppose 3*j = -2*j + 5. Let n = -6 - -3. Let s = n + 4. Calculate the remainder when j is divided by s.
0
Let t = -83 + 138. What is the remainder when t is divided by 17?
4
Let v(p) = -12*p - 18. Let t(f) = -8*f - 12. Let a(d) = 8*t(d) - 5*v(d). What is the remainder when a(-5) is divided by 8?
6
Suppose -8 = g + 4*t, 0 = -2*g + 2*t - 5 + 29. Let k be (-36)/(-10) - 10/(-25). Suppose -3*c + k = -5. Calculate the remainder when g is divided by c.
2
Let d be 2/((-90)/25 + 4). Let a = 16 + -11. Suppose a*z - 54 = 4*r - d, -4*r + 14 = 2*z. Calculate the remainder when 33 is divided by z.
6
Suppose 5*a - 367 = 4*l, 0 = a - 4*l + 1 - 68. Calculate the remainder when a is divided by 20.
15
Let h(n) = -n. Let g be h(2). Let t = -5 - -9. Calculate the remainder when t is divided by (-5)/g - 1/2.
0
What is the remainder when 1*-3 + (6 - -5) is divided by 3?
2
Let b(f) = -2*f + 20. Suppose -5*w - 3 + 13 = 0. What is the remainder when w is divided by b(9)?
0
What is the remainder when 34 is divided by 1525/125 + 2/(-10)?
10
Let m be (-2)/6 - 605/(-15). Suppose 2*z - m = i + 3*i, 0 = -2*z - i + 35. What is the remainder when ((-53)/(-2))/((-2)/(-4)) is divided by z?
17
Let n(r) = r**3 + 11*r**2 + 6*r - 11. What is the remainder when n(-10) is divided by 9?
2
Let y(t) = t**2 + 25*t + 16. Calculate the remainder when 60 is divided by y(-25).
12
Let y(v) = -37*v**3 + v**2 + v. Let h be y(-1). Let x = -18 + h. Calculate the remainder when 55 is divided by x.
17
Let h be 4/(-14) - (-115)/35. Suppose -l + 0 + h = 0. What is the remainder when (l - 7)/(1/(-13)) is divided by 18?
16
Let o be 41*(1 - (-4)/(-2)). Let a = o + 72. What is the remainder when a is divided by 11?
9
Let i = -10 + 28. Suppose 24 - 130 = -2*p. Calculate the remainder when p is divided by i.
17
Suppose 5*h + 72 = 252. Calculate the remainder when 71 is divided by h.
35
Suppose -3*s + 8*s = 5. Let t be (s/(-3))/((-1)/9). Suppose 164 = t*v + v. What is the remainder when v is divided by 14?
13
Calculate the remainder when 2/9 + (-266)/(-18) is divided by 9 - 6 - (-1 + -5).
6
Suppose -3*q + 7*q - 36 = 0. Calculate the remainder when 26 is divided by q.
8
Let m(y) = 9*y - 1. Let u be m(3). Let b = u - 16. Suppose 75 = 4*q - 1. Calculate the remainder when q is divided by b.
9
Let h(m) = m**2 - 4*m - 3. Let t(i) = -i + 6. Let b be t(9). Calculate the remainder when -5*(-3 - (1 + b)) is divided by h(5).
1
Let s(c) = -c - c + 3*c + 4. Let k = -175 + 178. What is the remainder when k is divided by s(-3)?
0
Let y = 2 - -1. Suppose -5*b - 54 = -y*x, -16 = -4*x - b + 56. What is the remainder when x is divided by 10?
8
Let o(p) = 2*p + 2. Let b be o(-3). Suppose -11*i = -5*i - 72. Let z = b + i. Calculate the remainder when z is divided by 5.
3
Let o(n) = -n**2 + 4*n + 8. Let m be o(6). What is the remainder when 47 is divided by 1 - 6*10/m?
15
Let w(g) = -g - 3. Suppose p + 40 = -4*p. Suppose -2 = 2*r - 8. Calculate the remainder when w(p) is divided by r.
2
Let t = 48 - -10. Calculate the remainder when 289 is divided by t.
57
Let z = 8 + 0. Suppose 5*f + 1 + 4 = 0. Let g = z - f. What is the remainder when 16 is divided by g?
7
Suppose 34*w - 36*w + 24 = 0. What is the remainder when 23 is divided by w?
11
Let a(h) = -h**2 + 10*h + 14. Let o be a(11). Suppose -o*f + 6*f - 186 = 0. What is the remainder when f is divided by 21?
20
Let g = -7 - -32. Calculate the remainder when g is divided by 9.
7
Suppose 76 + 74 = 5*s. Suppose 0 = -0*g + g + t - 4, 3*g + 2*t - 10 = 0. Calculate the remainder when (2/3)/(4/s) is divided by g.
1
Let u(h) be the third derivative of h**4/24 + 74*h**3/3 + h**2. Let a be u(0). Suppose -a = -n - 3*n. Calculate the remainder when n is divided by 10.
7
Suppose 0*c - 2*c + 102 = 5*v, -4*v = -2*c - 96. Suppose -y = -2*y + 8. What is the remainder when v is divided by y?
6
Suppose -10*f + 11*f = 16. Let z = f - 10. What is the remainder when 22 is divided by z?
4
Let z = 43 + -71. Let o = -17 - z. Suppose -3*y = -0*y - 96. Calculate the remainder when y is divided by o.
10
Let m(x) = x**2 + 4*x - 5. Suppose 5*g = -4*l - 16, -3*g + 21 = 2*l - 3*l. Let k = -3 - l. What is the remainder when m(-7) is divided by k?
4
Let q = 0 + 3. Let v be 9/(-3) + 1 + q. What is the remainder when (1/2)/(v/38) is divided by 7?
5
Let c(i) = 25*i. Let r(v) = -2*v**2 - 10. Let p(w) = w**2 + 11. Let b(f) = 3*p(f) + 2*r(f). What is the remainder when c(1) is divided by b(0)?
12
Suppose -3*q + 118 = u, -4*u - 12 = 8. Let b(g) be the second derivative of g**4/12 - g**3/2 + 2*g**2 - g. Calculate the remainder when q is divided by b(5).
13
Suppose 2*n = 4*n - 10, 0 = t - 4*n + 18. Suppose -h = -13 - t. What is the remainder when 29 is divided by h?
14
Let i = 201 - 131. Let c = 12 + 12. Calculate the remainder when i is divided by c.
22
Let u(o) = -6*o - 2. Let l be u(-4). Suppose 7 = -5*w + l, -18 = -2*y - 2*w. Let t(i) = 3*i - 1. What is the remainder when t(6) is divided by y?
5
Let b = -55 + 97. Suppose -4*q = 3*h + b - 5, -2*q + 1 = -5*h. Let m = q + 48. What is the remainder when m is divided by 14?
13
Let l be 6/(-5) + 2/10. What is the remainder when (27 - (-1 + l)) + 2 is divided by 16?
15
Suppose -3*m + 5*t + 21 = 0, -3*t - t = 3*m + 6. Let q(k) = 4*k**2 + 0*k - 2*k + 2*k**2. What is the remainder when q(m) is divided by 7?
6
Let t = 137 + -56. What is the remainder when t is divided by 21?
18
Let h = -4 - 2. Calculate the remainder when -1 + 0 - (h + -42) is divided by 16.
15
Suppose 3*c - 15 = 0, -4*l - 3 = 2*c - 21. Let t = 2 + -2. Suppose t = -a - l*a + 102. What is the remainder when a is divided by 12?
10
Suppose 3*c + 49 - 4 = 2*z, -z = c - 35. Suppose 0 = 2*h - 5*q - 81, -h = 5*q - 5 - 13. Suppose 4*a = h + 31. What is the remainder when z is divided by a?
14
Let x(t) = 6*t**2 + 2*t + 3. What is the remainder when x(-3) is divided by 13?
12
Let n be 48/21 - 4/14. Suppose 7*d - 14 = -b + n*d, 4 = 2*b - 2*d. What is the remainder when 7 is divided by b?
3
Let m = -22 + 44. Let i = -33 - 15. What is the remainder when m is divided by (-2 + -1)/(18/i)?
6
Let z be 3*(2 + (-3)/9). Suppose z*x + 0*x - 675 = 0. What is the remainder when x is divided by 34?
33
Let s(g) = -g**3 + 2*g. Let w be s(-2). Calculate the remainder when 28 is divided by w/3*(-30)/(-4).
8
Let c be (-80)/14 - 6/21. Let v(j) = j + 6. Let n be v(c). Let r(x) = -x**3 + x**2 - x + 32. What is the remainder when r(n) is divided by 11?
10
Let l(w) = 2*w**2 + w - 13. Let j(m) = m**3 + 7*m**2 + 6*m + 4. Let s be j(-6). Calculate the remainder when 67 is divided by l(s).
21
Calculate the remainder when (-2)/17 - (-1194)/34 is divided by 18.
17
Let t(w) = -5*w + 12. Calculate the remainder when 57 is divided by t(-4).
25
Let a = -31 + 56. Suppose -2*i + a = 1. What is the remainder when 33 is divided by i?
9
Let d be (4 + -6)*7/(-2). Suppose d*t = 6*t + 4. Suppose -4*g - 2*r = r - 28, g = -3*r - 2. Calculate the remainder when g is divided by t.
2
Let z be (-56)/(-32) + (-6)/8. Suppose 5*p - z = 4*w, 3*p - 4 = 2*w - 3*w. What is the remainder when w is divided by 1?
0
Calculate the remainder when (3*(-2)/(-4))/(9/534) is divided by 19.
13
Let q = 1 - 4. Calculate the remainder when 47 is divided by 3/(q/2) - -18.
15
What is the remainder when 24 is divided by 2/(-6) - 80/(-6)?
11
Let l = 139 + -75. What is the remainder when l is divided by 2*(-42)/(-4) + 1?
20
Let g(k) = k**2 + 4*k - 8. Suppose -3*h + 37 = -3*w - 71, w - 40 = -h. What is the remainder when h is divided by g(-7)?
12
Suppose 8*n - 4*n = 72. Let j = n + -11. What is the 